a - 116 = -2*i - 44. Suppose 2*u - a = -0*u - 4*r, 0 = 3*u - 3*r - 63. What is the greatest common divisor of u and 16?
4
Suppose -3*b + 87 = 84, -4*v = -4*b - 17744. What is the highest common divisor of 561 and v?
51
Let d = 710 + -703. Let i be d + -10 - (4 + -339). Calculate the highest common divisor of i and 83.
83
Let g(k) = k + 7. Let u be g(-5). Suppose 122 = 3*d + 2*d + 3*n, -u*n = 5*d - 118. Let h be 4/2 + (24 - d). Calculate the highest common factor of h and 18.
2
Let r be 350/35 - (-7 + 3). Calculate the highest common divisor of 2947 and r.
7
Suppose 4*t = 3*b - 281, 192 = b + b - 5*t. Let v = b + -65. Suppose 5*d + 5 = 0, 4*g - 2*d - 26 = 704. Calculate the greatest common factor of g and v.
26
Suppose -106*q + 105*q - 1115 = -r, r - 1107 = -q. Calculate the greatest common factor of 11 and r.
11
Let k be (-1)/(-2) - 6/(-4) - 0. Suppose -172 = -4*f - 3*z - 0*z, 0 = k*f + 2*z - 88. Let j = -16 - -26. Calculate the greatest common divisor of f and j.
10
Let g be (-30)/(1/23*12/(-8))*4. What is the greatest common factor of 320 and g?
80
Let l be -35*(10 + 146/(-14)). Calculate the greatest common factor of l and 3165.
15
Suppose 0 = 3*a + 95 + 7. Let k = 39 + a. Let z(s) = 36*s - 4. Let f be z(k). Calculate the highest common factor of f and 16.
16
Suppose 0 = -3*b + 5*k + 10, 2*b + b = -4*k - 8. Suppose 5*c - d - 1675 = b, 3*c + 341 = 4*c + d. Calculate the highest common factor of c and 48.
48
Suppose 43*i = 39*i + n + 70, 0 = 3*i + 2*n - 58. What is the highest common divisor of i and 4842?
18
Let t(r) = 26*r**2 - 20*r - 18. Let g be t(3). What is the highest common factor of g and 588?
12
Let p = 523 + -525. Let w be 9269/341 - p/(-11). Calculate the greatest common factor of w and 45.
9
Suppose 21 = 2*q - 39. Let t(k) = -7*k - 1. Let y be (-1 + -3)*1 - -1. Let l be t(y). What is the greatest common factor of l and q?
10
Suppose -16*m + 4152 = -5400. What is the highest common divisor of 9 and m?
3
Suppose 5*c + 96 = -14. Let r(d) = -8*d + 99. Let m be r(c). Calculate the highest common divisor of 25 and m.
25
Let y(k) = 3*k - 42. Let c be y(18). Suppose -10*a + 9*a - c = 0. Let s be (-3)/(a/17)*20. What is the greatest common factor of 17 and s?
17
Let q = -4841 + 5506. Calculate the greatest common divisor of 245 and q.
35
Let d = 3700 - 3359. Calculate the greatest common divisor of d and 22.
11
Let f(k) = 31*k + 1. Let j be f(2). Let x = -9506 + 9513. Calculate the greatest common divisor of j and x.
7
Let t be (-1104)/10*1150/(-345). Calculate the highest common factor of 272 and t.
16
Let p be (0 + 28/10)*20. Suppose -429*a + 432*a - 12 = 0. Let q be -14 + 24/a + 15. Calculate the greatest common factor of q and p.
7
Suppose -21*o + 5*o = -608. Calculate the highest common factor of o and 1102.
38
Let a be (-26)/(-78) + 3*69/27. Let t = 123 + -83. Calculate the highest common divisor of t and a.
8
Let w be 2*1 + (-3 - -105). Suppose -2*t - 5*z = -227, -3*z + 4 - 7 = 0. Suppose w = 5*d - t. What is the highest common divisor of 11 and d?
11
Let y be 2/(-11) + 245/77. Suppose -5*z + 1008 = -y*z - 4*f, 2*z = -3*f + 1036. Calculate the greatest common divisor of z and 16.
16
Suppose -3*z = -16*z - 247. Let m(f) = -5*f - 63. Let d be m(z). What is the highest common divisor of 48 and d?
16
Suppose z - 10 = 19. Let k be ((-12)/(-8))/((-6)/(-152)). Suppose 35*x + 174 = k*x. Calculate the greatest common divisor of z and x.
29
Let r = 10 - -6. Let a(b) = -2*b - 31. Let c(z) = -3*z - 24. Let g(t) = -4*a(t) + 3*c(t). Let u be g(r). What is the highest common factor of 24 and u?
12
Let c be ((-48)/9)/(3/(-594)). Let b = -8117 + 8183. Calculate the greatest common factor of c and b.
66
Let s be (-8*293/(-10))/(39/390). Suppose -4*c - 5*p = 1393 - 3769, 4*c - 3*p - s = 0. What is the greatest common factor of 93 and c?
31
Let s = 236 - 76. Let m(v) = -10*v**3 - 2*v**2 - v + 1. Let l be m(-1). Calculate the greatest common divisor of s and l.
10
Suppose 0 = 27*j - 2175 + 1392. What is the highest common divisor of 2581 and j?
29
Let k(h) = 2*h**2 + 33*h + 601. Let g be k(-33). What is the greatest common divisor of g and 520?
130
Let t(h) = -305*h**2 + 5*h + 303*h**2 + 3*h**3 - 4 + 3. Let c be t(6). Let b be 55*(2 - (4 + -3)). Calculate the greatest common factor of b and c.
55
Let t = 1475 + -1439. What is the greatest common factor of 124 and t?
4
Let u be 62 + 3/(-6 + 9). Calculate the highest common factor of u and 558.
9
Suppose -302*k + 14112 = 90*k. Calculate the greatest common divisor of k and 1428.
12
Let x be ((10710/12)/(-21))/(-2)*92. Calculate the highest common factor of 460 and x.
115
Let h = -457 - -548. Suppose 45 = 9*q - 18. Calculate the highest common factor of h and q.
7
Suppose 800 = -40*g + 16693 - 693. What is the greatest common divisor of 320 and g?
20
Let x be (472/6)/((-14)/(-21)). Let d be 4*(x/8 - (-13)/(-26)). What is the greatest common divisor of d and 209?
19
Suppose 0 = -5*g - 20, -5*q - 5*g - 53 = 47. Let h = 20 + q. Let f be 182/(-21)*(-6)/h. Calculate the highest common divisor of f and 91.
13
Let z be (8/3 + 153/(-459))/(2/246). What is the greatest common divisor of z and 1189?
41
Let a(k) = -3*k + 20. Let h be a(-12). Suppose i + h = 62. What is the greatest common divisor of 6 and i?
6
Suppose 64*u - 437 = 523. What is the highest common factor of u and 19605?
15
Let n = 366 - 134. Let c = n - 201. What is the highest common divisor of 279 and c?
31
Suppose z - 2*c = 34 + 92, 5*z - 3*c - 651 = 0. Suppose f - 3*f + t = -229, z = f - 4*t. Calculate the highest common divisor of f and 28.
28
Suppose -246 = -5*r + 2*t, -457 + 517 = r - 4*t. Calculate the greatest common factor of 90 and r.
6
Let i(z) = 3*z**2 + 13*z + 6. Let b be i(-8). Calculate the greatest common factor of 10622 and b.
94
Suppose -93*h + 1088 = 4*p - 94*h, -p + 3*h + 294 = 0. What is the highest common divisor of 400 and p?
10
Let b = 109 - 104. Let g(f) = 2*f**3 - 11*f**2 + 22*f - 1. Let r be g(b). Calculate the highest common divisor of r and 105.
21
Let h be (-6)/(-3)*156/24. Calculate the greatest common factor of h and 8333.
13
Suppose 0 = 113*t + 347752 - 1324072. What is the greatest common factor of 135 and t?
135
Let o = 2682 - 2298. Calculate the highest common divisor of 5184 and o.
192
Let n be 100/8*(-20)/(-3)*672/700. Calculate the greatest common factor of 100 and n.
20
Let c(d) = d + 8. Let h be c(-4). Let w = h + 2. Suppose w*m = m + 115. What is the greatest common divisor of m and 23?
23
Suppose -19*o - 36 = -93. Suppose -26 - 5 = -5*k - z, -o*z + 27 = 4*k. What is the greatest common divisor of 39 and k?
3
Let r = -63 - -163. Let u be 45/4 - 25/r. What is the greatest common divisor of 77 and u?
11
Let y be 2/(-22) + 908646/2442. Calculate the greatest common divisor of y and 540.
12
Let x(q) = 2*q**2 - 38*q + 49. Let g(k) = -4*k**2 + 76*k - 97. Let b(n) = 3*g(n) + 5*x(n). Let a be b(17). What is the highest common factor of 132 and a?
22
Let p be (2 + -4)/((-4)/46). Let n be 161/84 - 3/(-36). What is the greatest common factor of p and n?
1
Let b = -2585 - -3116. Calculate the greatest common divisor of 9 and b.
9
Let p(g) = 2*g**3 + g**2 - 3*g + 25. Let j be p(0). Suppose x = 4*q + 142, 20*x - j*x - 4*q + 734 = 0. Calculate the greatest common divisor of 511 and x.
73
Suppose 0 = -4*a + 5*n + 10405, 7*a - 4*n + 12996 = 12*a. Calculate the highest common divisor of a and 104.
104
Let z = -8695 + 9135. Calculate the highest common divisor of z and 500.
20
Let j be (0 - 5)*(1 + (-39)/5). Let x = j + -123. Let n = 250 + x. Calculate the greatest common factor of 23 and n.
23
Let a = 1093 + -613. Let o = a - 372. What is the highest common divisor of o and 180?
36
Let w be (-3)/(-6) + (-71)/(-2). Suppose 0 = -6*f + 3*f - r + 70, 0 = 4*r + 8. Let q = w - f. What is the highest common divisor of 30 and q?
6
Let m = -2669 - -2758. Let n(s) = -4*s**2 + 5*s + 1. Let i be n(4). Let q = i + m. What is the greatest common factor of 23 and q?
23
Suppose -5*l + 59 = 3*x, 4*l + x - 6*x = 62. Let m be -2 - -2 - -11 - -4. Suppose l*u = m*u - 38. Calculate the greatest common factor of 95 and u.
19
Let t(g) = g**3 - 11*g**2 - 10*g + 17. Let v be t(11). Let d = -81 - v. Let m be (84/(-2))/(1/(-2)). Calculate the highes